hat is the units digit of r?
1
Suppose -7912 - 18206 = -9*f. What is the thousands digit of f?
2
Let d(n) = n**3 + 17*n**2 + 50*n + 16. What is the hundreds digit of d(-9)?
2
Suppose p = 5*f - 5330, -4*f - 4*p - 307 = -4547. Suppose x - f = -4*x. What is the hundreds digit of x?
2
Let m = 208 - 18. Suppose 0 = 2*k + 3*k - m. What is the tens digit of k?
3
Suppose 0 = -3*o + 21 - 0. Suppose 0 = -i - 4*i + 2*x + 36, 16 = 3*i - 4*x. Let s = o + i. What is the units digit of s?
5
Suppose 525 = y - 150. What is the tens digit of y?
7
Let a(s) = -3*s + 510. What is the hundreds digit of a(-31)?
6
Suppose 4*l - 3*s + 13 + 8 = 0, 2*s = -2. What is the hundreds digit of l*3/6 + 227?
2
Suppose 5*r = 4*j - 0*j + 12, 0 = 4*j - 4*r + 8. What is the tens digit of -21*j/(-4) - 2/(-4)?
1
Let x be 18*(12/(-8) - -2). Let d = x - 4. Suppose d*l - 26 = 3*c, 0*l + 8 = -l + 5*c. What is the units digit of l?
7
Let w(a) = -2*a**3 + a**2 + 4*a. Let o = 22 + -18. Let f be w(o). Let q = f - -155. What is the units digit of q?
9
Let q(p) = -2*p**3 - 3*p**2 + 3*p - 1. Let v = 41 + -45. What is the units digit of q(v)?
7
Suppose 0 = 3*n - 2504 - 5503. What is the tens digit of n?
6
Suppose -5*n - 2*p + 0*p = -93, 12 = 3*p. Suppose -5*a = n + 3, -a - 98 = -2*v. What is the tens digit of v?
4
Let n = 32 + 31. What is the units digit of n?
3
Suppose 0 = -22*p + 27*p. Suppose p*c = -c + 88. What is the units digit of c?
8
Suppose 8*p = 13*p + 2*k - 7637, 5*p - 5*k - 7630 = 0. What is the tens digit of p?
2
Let z(l) = -187*l + 68. What is the thousands digit of z(-6)?
1
Let a(u) = -2 + 3*u**3 - 5 - u - 6*u**3 + 2. What is the tens digit of a(-3)?
7
Let d(j) = -j - 2. Let i be d(-7). Suppose 2*x - 134 = -m + i*m, 4*x - 2*m = 250. What is the tens digit of x?
6
Let n(u) = 420*u - 2. Let i be n(-1). Let v = -209 - i. Suppose 4 = -a - a, a - v = -5*x. What is the units digit of x?
3
Let a = 172 + 1024. What is the hundreds digit of a?
1
Suppose 0 = -4*f + 16, 0*f + 5*f = -8*v + 41548. What is the hundreds digit of v?
1
Let v(d) = -4*d - 20. Let f be v(-6). Suppose 2*o + 673 = 7*o - 3*g, -g = f*o - 552. What is the tens digit of o?
3
Suppose -4*a - 961 = -5*i + 1281, -i - 5*a + 431 = 0. What is the units digit of i?
6
Suppose -4*t + 8*c = 5*c - 7296, 0 = 3*t - 4*c - 5479. What is the tens digit of t?
2
Let g(a) = -37*a - 189. What is the tens digit of g(-14)?
2
Let d(x) = 4*x**2 - x - 2. Let b be 15/(-4) - (-6)/(-24). Let l be d(b). Suppose 0 = -0*p - 3*p + l. What is the tens digit of p?
2
Suppose 4*o + 2*f = -f + 28, 8 = 2*f. Suppose -315 = -o*i - 3*i. What is the tens digit of i?
4
What is the tens digit of 32698/10 - 34/(-170)?
7
Let q be 519*-2*4/6. What is the units digit of q/(-10) + 10/(-50)?
9
Suppose 0 = -0*w + w - 3*i - 1, 0 = -3*w + 2*i + 10. Suppose -4*u + 3*c + 2 = 9, -w*c = 3*u - 1. Let p(g) = -23*g**3 - g**2. What is the tens digit of p(u)?
2
Let g = -82 + 82. Suppose 3*t - 3*y - 198 = g, -y + 272 = 4*t + 3*y. What is the units digit of t?
7
Suppose -12*j + 17152 + 10280 = 0. What is the thousands digit of j?
2
Let c(y) = -y**3 + 5*y**2 + 2*y + 1. Let s(t) = 4*t**3 + 1 - t**3 + 0*t**3. Let i be s(1). What is the tens digit of c(i)?
2
Suppose 58*p - 44360 = 150694. What is the hundreds digit of p?
3
Let a be (4 + -7 - -5)/(4/10). Suppose -t - a*q + 29 = -21, -3*q = -4*t + 200. What is the tens digit of t?
5
Let t(y) = y - 4 + 49*y + 9 - 3*y. What is the units digit of t(5)?
0
Let w(r) = -825*r - 13. What is the tens digit of w(-3)?
6
Let v = -50 + 358. What is the tens digit of v?
0
What is the tens digit of (787/(-4))/(22/24 + -1)?
6
Let d(w) = 28*w**3 - 6*w**2 - 4*w + 9. What is the units digit of d(3)?
9
Let y(i) be the second derivative of -7*i**5/20 + i**4/12 + i**3/6 + i. Let d(g) = 2*g**2 + 4*g - 31. Let h be d(-5). What is the units digit of y(h)?
7
Let a(d) = 7*d + 32. Let i(j) = -12*j - 65. Let m(r) = -5*a(r) - 3*i(r). Suppose g - 7 + 23 = 0. What is the units digit of m(g)?
9
Let q = -42 + 43. Suppose s = -p - q + 17, -p + 4 = 5*s. What is the tens digit of p?
1
Let i be (-6)/(-21) - 33/(-7). Suppose k - i*k - 5*c + 200 = 0, 4*c = -16. Let t = -14 + k. What is the units digit of t?
1
Suppose -2 = -3*i + 4*r, r = -5*i + 4*r + 7. Suppose 336 = -i*p + 6*p. Suppose p = -4*d + 7*d. What is the tens digit of d?
2
Let p be -10*5*5/25. Let t(o) = 2*o**2 + 7*o - 23. What is the tens digit of t(p)?
0
Let h(m) = 13*m**2 + 22*m - 15. What is the units digit of h(-9)?
0
Suppose -15 = -3*f + 3*y, -35 = -5*f - 5*y - 0*y. Suppose 5*m + 3*r - f*r - 271 = 0, -4*r - 8 = 0. Let i = m + 11. What is the units digit of i?
4
Let g = 27 - 23. What is the tens digit of g*-1*(-58)/4?
5
Let m(u) = 251*u + 119. What is the thousands digit of m(5)?
1
What is the units digit of 2 + (-12)/6*863/(-2)?
5
Suppose -6*t + 5247 = 5*t. What is the units digit of t?
7
Let y(m) = -m**3 - 14*m**2 - 12*m + 51. What is the tens digit of y(-14)?
1
Let a = -26 - -25. Let j be a/(16/(-20))*196. Suppose -j = d - 6*d. What is the tens digit of d?
4
Suppose 2*y + 5*c - 722 = -201, 0 = -3*y - 3*c + 759. What is the hundreds digit of y?
2
Suppose -n + 23 = -a, n + a = 3*a + 21. Suppose 7*u + n = 8*u. What is the units digit of u?
5
Let t(m) = -109*m + 6. Let a be t(3). Let j = a + 452. What is the units digit of j?
1
Suppose -j + 186 = j. Let q = -543 + 547. Suppose -q*r + r = -j. What is the units digit of r?
1
Let f(i) = -2*i**3 + 9*i**2 + 6*i - 5. Let x be f(5). Suppose 4*s - 3*n - 257 = x, -2*s = 4*n - 0*n - 156. What is the tens digit of s?
6
What is the units digit of (-73 + -2)/((-24)/1464)?
5
Suppose 44240 = 998*r - 991*r. What is the tens digit of r?
2
Suppose 2*t - 4*p = 1230, 10 = -2*p - 3*p. Suppose a - 4*m - 107 = 0, 0 = -5*a + m - 0*m + t. What is the units digit of a?
3
Let o(f) = -3*f**2 + 3*f - 3. Let y be o(2). Let s be (-21)/14*(y + -1). Let w = 19 - s. What is the units digit of w?
4
Let c = -16 - -34. What is the units digit of 7/3 + c/27?
3
Let w = -54 + 177. Let r = w - 46. What is the tens digit of r?
7
Let l be -15*1/(-5 - -2). Suppose -131 = -l*g + 119. What is the units digit of g?
0
Suppose 0 = -3*q + 5*o + 1652, 3*o = -q + 379 + 195. What is the hundreds digit of q?
5
Let q(k) = 5*k**2 - 27*k + 9. What is the hundreds digit of q(-15)?
5
Let i be (-58)/(-4) - (-4)/8. Suppose 0*j + 1020 = i*j. What is the tens digit of j?
6
Suppose -g - 5*i + 8*i = 0, -4*i = 0. Suppose p + p - 5*x + 12 = 0, g = -5*p + 5*x. What is the units digit of p?
4
Let n(m) = m**2 - m - 3. Let s be n(3). Suppose d = -s*d. What is the units digit of -74*(d - 4/8)?
7
Let z(v) = 63*v + 180. What is the units digit of z(30)?
0
Suppose 5*a + 134 - 859 = 0. Let b be a/2*(-16)/(-10). Suppose -2*u + 6*u = b. What is the tens digit of u?
2
Let l = 31 + 89. What is the tens digit of l?
2
Suppose w + 3*u = 448 + 449, w = 3*u + 867. What is the tens digit of w?
8
Let k = -282 + 654. Suppose k = 5*q + 3*t, 135 = 3*q - 2*t - 92. What is the tens digit of q?
7
Let b be 2106/(-65) + (-3)/5. What is the tens digit of (0 - -3)/(b/(-550))?
5
Suppose 4*f - 16 = -52. Let x be 2/((-6)/f) + 9. Suppose 4*n - x = n. What is the units digit of n?
4
Let v(o) be the first derivative of 2*o**3/3 - o**2/2 + 3*o + 6. Let h(j) = -j**3 + 12*j**2 - 9*j - 18. Let n be h(11). What is the units digit of v(n)?
1
Suppose r = -4, -36 = 5*x + 2*r - 188. Suppose 20 = s + 3*s. Suppose 0 = -h + s*h - x. What is the units digit of h?
8
Let p = 2750 + -1552. What is the hundreds digit of p?
1
Suppose -2*m = 4*k - 382, 3*m + 26*k - 549 = 28*k. What is the hundreds digit of m?
1
Let y be (-8)/10 + (28248/(-55))/(-12). Let p be ((-6)/4)/(3/(-44)). Let u = y - p. What is the units digit of u?
0
Let f(b) be the second derivative of b**3/3 - 6*b**2 - 3*b. Let i be f(-11). What is the tens digit of i/((-7)/((-28)/(-8)))?
1
Let u(r) be the first derivative of 3*r**2/2 + 3*r + 4. Let w be u(0). What is the units digit of 126/24*4/w?
7
Let f(i) = i - 3. Let l be f(12). Let s(x) = l*x - 13 - x - x + 0*x. What is the units digit of s(10)?
7
Let k be (-8)/(-2) - (-14 + -10). Let u = k - 3. What is the units digit of u?
5
Let m(y) = 2*y**2 + 5*y + 2. Suppose l + 1 = -2. Let z be m(l). Suppose -2*a = -z*a + 21. What is the units digit of a?
7
Suppose 7*p - 10 = -